{"id":74,"date":"2021-06-23T11:10:19","date_gmt":"2021-06-23T11:10:19","guid":{"rendered":"http:\/\/casi.arh.tuiasi.ro\/?page_id=74"},"modified":"2021-11-13T09:30:05","modified_gmt":"2021-11-13T09:30:05","slug":"portofolio","status":"publish","type":"page","link":"http:\/\/casi.arh.tuiasi.ro\/index.php\/portofolio\/","title":{"rendered":"Activit\u0103\u021bile \u0218colii de var\u0103"},"content":{"rendered":"\n<figure class=\"wp-block-image size-large\"><img src=\"blob:http:\/\/casi.arh.tuiasi.ro\/f3fc589f-5116-4eed-8b35-8efd6f2baf16\" alt=\"\"\/><\/figure>\n\n\n\n<p><strong>Cursuri specifice domeniului<\/strong><\/p>\n\n\n\n<p>\u00cen cadrul acestei activit\u0103\u021bi se vor organiza 5 module de curs: 2 de film \u0219i fotografie \u0219i 3 prelegeri pe tematic\u0103 de arhitectur\u0103, ce au ca scop familiarizarea elevilor cu domeniile \u0219i programele de studii oferite de Facultatea de Arhitectur\u0103.<\/p>\n\n\n\n<p><strong>A.2.3. Ateliere de lucru specifice domeniului<\/strong><\/p>\n\n\n\n<p>\u00cen cadrul acestei activit\u0103\u021bi se vor organiza 9 ateliere de lucru, care reprezint\u0103 activit\u0103\u021bi aplicative pentru cursurilor organizate la activitatea A2.2. sau specifice profilului arhitectur\u0103 : Am gandit un program coerent care s\u0103 vizeze mai multe direc\u021bii de dezvoltare prin cele 8 ateliere de lucru, 4 de desen artistic: Form\u0103 \u0219i Culoare, Form\u0103 \u0219i Mi\u0219care, Plan \u0219i Perspectiv\u0103, Infographic sketches \u0219i 4 de machetare \u2013Form\u0103 \u0219i Compozi\u021bie, Cartografie Afectiv\u0103 \u2013 exerci\u021bii de con\u0219tientizare a percep\u021biei locului, Flat Design, \u0219i Atelier de editare foto, ce au ca scop familiarizarea elevilor cu domeniile \u0219i programele de studii oferite de Facultatea de arhitectur\u0103.<\/p>\n\n\n\n<p><strong>Workshop de CONSILIERE&nbsp;&nbsp; PSIHOLOGIC\u0102<\/strong><\/p>\n\n\n\n<p>\u00cen cadrul acestor activit\u0103\u021bi vor fi exerci\u021bii de autocunoa\u0219tere, de evaluare a resurselor \u0219i de con\u0219tientizare a p\u0103r\u021bilor bune, constructive ale personalit\u0103\u021bii, al\u0103turi de solu\u021bii de corectare a celor de \u00eembun\u0103t\u0103\u021bit, evaluare corect\u0103 a sinelui real \u0219i oportunit\u0103\u021bilor care depind de el.<\/p>\n\n\n\n<p><strong>ACTIVIT\u0102\u021aI&nbsp; RECREATIVE<\/strong><\/p>\n\n\n\n<p>\u00cen afara acestor activit\u0103\u021bi didactice, \u0219coala de var\u0103 ofer\u0103 \u00een fiecare sear\u0103 de la ora 15,00 la 18,00 \u0219i \u00een alte c\u00e2teva zile, activit\u0103\u021bi recreative g\u00e2ndite \u0219i implementate de d-l arh R\u0103zvan Nica \u0219i studen\u021bii tutori \u00een scopul deschiderii apetitului pentru filme cu tematic\u0103 de arhitectur\u0103, prezentarea asocia\u021biei studen\u021be\u0219ti ASAI, activit\u0103\u021bi de dezvoltare a creativit\u0103\u021bii.<\/p>\n\n\n\n<div class=\"wp-block-cover alignfull has-nv-site-bg-background-color has-background-dim\" style=\"min-height:600px\"><div class=\"wp-block-cover__inner-container\">\n<div class=\"wp-block-group\"><div class=\"wp-block-group__inner-container\">\n<div style=\"height:80px\" aria-hidden=\"true\" class=\"wp-block-spacer\"><\/div>\n\n\n\n<div class=\"wp-block-columns are-vertically-aligned-center\">\n<div class=\"wp-block-column is-vertically-aligned-center\" style=\"flex-basis:50%\">\n<figure class=\"wp-block-image\"><img src=\"http:\/\/casi.arh.tuiasi.ro\/wp-content\/themes\/neve\/assets\/img\/starter-content\/card-06.jpg\" alt=\"\"\/><\/figure>\n\n\n\n<div style=\"height:40px\" aria-hidden=\"true\" class=\"wp-block-spacer\"><\/div>\n<\/div>\n\n\n\n<div class=\"wp-block-column is-vertically-aligned-center\" style=\"flex-basis:50%\">\n<figure class=\"wp-block-image\"><img src=\"http:\/\/casi.arh.tuiasi.ro\/wp-content\/themes\/neve\/assets\/img\/starter-content\/card-04.jpg\" alt=\"\"\/><\/figure>\n\n\n\n<div style=\"height:40px\" aria-hidden=\"true\" class=\"wp-block-spacer\"><\/div>\n<\/div>\n<\/div>\n\n\n\n<div style=\"height:40px\" aria-hidden=\"true\" class=\"wp-block-spacer\"><\/div>\n<\/div><\/div>\n<\/div><\/div>\n","protected":false},"excerpt":{"rendered":"<p>Cursuri specifice domeniului \u00cen cadrul acestei activit\u0103\u021bi se vor organiza 5 module de curs: 2 de film \u0219i fotografie \u0219i 3 prelegeri pe tematic\u0103 de arhitectur\u0103, ce au ca scop familiarizarea elevilor cu domeniile \u0219i programele de studii oferite de Facultatea de Arhitectur\u0103. A.2.3. Ateliere de lucru specifice domeniului \u00cen cadrul acestei activit\u0103\u021bi se vor&hellip;&nbsp;<a href=\"http:\/\/casi.arh.tuiasi.ro\/index.php\/portofolio\/\" class=\"\" rel=\"bookmark\">Read More &raquo;<span class=\"screen-reader-text\">Activit\u0103\u021bile \u0218colii de var\u0103<\/span><\/a><\/p>\n","protected":false},"author":2,"featured_media":0,"parent":0,"menu_order":0,"comment_status":"closed","ping_status":"closed","template":"","meta":{"neve_meta_sidebar":"","neve_meta_container":"","neve_meta_enable_content_width":"on","neve_meta_content_width":100,"neve_meta_title_alignment":"","neve_meta_author_avatar":"","neve_post_elements_order":"","neve_meta_disable_header":"","neve_meta_disable_footer":"","neve_meta_disable_title":"on"},"_links":{"self":[{"href":"http:\/\/casi.arh.tuiasi.ro\/index.php\/wp-json\/wp\/v2\/pages\/74"}],"collection":[{"href":"http:\/\/casi.arh.tuiasi.ro\/index.php\/wp-json\/wp\/v2\/pages"}],"about":[{"href":"http:\/\/casi.arh.tuiasi.ro\/index.php\/wp-json\/wp\/v2\/types\/page"}],"author":[{"embeddable":true,"href":"http:\/\/casi.arh.tuiasi.ro\/index.php\/wp-json\/wp\/v2\/users\/2"}],"replies":[{"embeddable":true,"href":"http:\/\/casi.arh.tuiasi.ro\/index.php\/wp-json\/wp\/v2\/comments?post=74"}],"version-history":[{"count":6,"href":"http:\/\/casi.arh.tuiasi.ro\/index.php\/wp-json\/wp\/v2\/pages\/74\/revisions"}],"predecessor-version":[{"id":154,"href":"http:\/\/casi.arh.tuiasi.ro\/index.php\/wp-json\/wp\/v2\/pages\/74\/revisions\/154"}],"wp:attachment":[{"href":"http:\/\/casi.arh.tuiasi.ro\/index.php\/wp-json\/wp\/v2\/media?parent=74"}],"curies":[{"name":"wp","href":"https:\/\/api.w.org\/{rel}","templated":true}]}}